the ten thousands digit of 10994?
1
What is the thousands digit of 11256?
1
What is the ten thousands digit of 127744?
2
What is the thousands digit of 30992?
0
What is the hundreds digit of 779?
7
What is the hundreds digit of 614?
6
What is the units digit of 745?
5
What is the tens digit of 891?
9
What is the tens digit of 126?
2
What is the units digit of 37867?
7
What is the units digit of 1509?
9
What is the tens digit of 4298?
9
What is the tens digit of 37871?
7
What is the units digit of 42878?
8
What is the thousands digit of 4145?
4
What is the thousands digit of 6008?
6
What is the units digit of 1987?
7
What is the tens digit of 2561?
6
What is the units digit of 30762?
2
What is the tens digit of 9354?
5
What is the ten thousands digit of 11569?
1
What is the hundreds digit of 3232?
2
What is the tens digit of 84534?
3
What is the hundreds digit of 6919?
9
What is the hundreds digit of 3791?
7
What is the tens digit of 9582?
8
What is the thousands digit of 52645?
2
What is the thousands digit of 29188?
9
What is the hundreds digit of 1904?
9
What is the tens digit of 21444?
4
What is the units digit of 9710?
0
What is the tens digit of 1029?
2
What is the tens digit of 9613?
1
What is the ten thousands digit of 12327?
1
What is the thousands digit of 14618?
4
What is the hundreds digit of 524?
5
What is the tens digit of 6169?
6
What is the hundreds digit of 15062?
0
What is the units digit of 6683?
3
What is the hundreds digit of 782?
7
What is the units digit of 5136?
6
What is the units digit of 230?
0
What is the thousands digit of 19259?
9
What is the units digit of 16810?
0
What is the hundreds digit of 1506?
5
What is the tens digit of 231?
3
What is the thousands digit of 1794?
1
What is the units digit of 53216?
6
What is the tens digit of 1008?
0
What is the hundreds digit of 63953?
9
What is the ten thousands digit of 11238?
1
What is the units digit of 279?
9
What is the units digit of 1931?
1
What is the tens digit of 1067?
6
What is the units digit of 5646?
6
What is the ten thousands digit of 46037?
4
What is the tens digit of 1933?
3
What is the hundreds digit of 62967?
9
What is the units digit of 1096?
6
What is the tens digit of 3183?
8
What is the units digit of 2167?
7
What is the tens digit of 1049?
4
What is the units digit of 3101?
1
What is the thousands digit of 5335?
5
What is the ten thousands digit of 46955?
4
What is the thousands digit of 2570?
2
What is the units digit of 1343?
3
What is the hundreds digit of 2596?
5
What is the tens digit of 89104?
0
What is the hundreds digit of 266?
2
What is the units digit of 28800?
0
What is the thousands digit of 17163?
7
What is the units digit of 63497?
7
What is the hundreds digit of 1179?
1
What is the thousands digit of 80548?
0
What is the tens digit of 39854?
5
What is the units digit of 89?
9
What is the tens digit of 545?
4
What is the units digit of 2438?
8
What is the thousands digit of 88716?
8
What is the units digit of 4?
4
What is the tens digit of 708?
0
What is the hundreds digit of 125511?
5
What is the thousands digit of 4135?
4
What is the ten thousands digit of 83419?
8
What is the hundreds digit of 27662?
6
What is the ten thousands digit of 30894?
3
What is the units digit of 3260?
0
What is the thousands digit of 7889?
7
What is the hundreds digit of 995?
9
What is the hundreds digit of 2620?
6
What is the hundreds digit of 57636?
6
What is the units digit of 57?
7
What is the units digit of 6875?
5
What is the tens digit of 1551?
5
What is the tens digit of 1040?
4
What is the ten thousands digit of 75956?
7
What is the tens digit of 7559?
5
What is the thousands digit of 4408?
4
What is the ten thousands digit of 27134?
2
What is the hundreds digit of 2616?
6
What is the thousands digit of 61353?
1
What is the tens digit of 80145?
4
What is the tens digit of 40?
4
What is the hundreds digit of 237?
2
What is the tens digit of 5845?
4
What is the thousands digit of 21266?
1
What is the tens digit of 2149?
4
What is the units digit of 87667?
7
What is the tens digit of 18026?
2
What is the thousands digit of 3219?
3
What is the hundreds digit of 7752?
7
What is the units digit of 2526?
6
What is the hundreds digit of 164437?
4
What is the hundreds digit of 2976?
9
What is the tens digit of 958?
5
What is the hundreds digit of 55877?
8
What is the ten thousands digit of 23591?
2
What is the units digit of 5825?
5
What is the hundreds digit of 52171?
1
What is the thousands digit of 83856?
3
What is the hundreds digit of 48930?
9
What is the hundreds digit of 5394?
3
What is the units digit of 5280?
0
What is the units digit of 305?
5
What is the units digit of 1939?
9
What is the units digit of 2185?
5
What is the hundreds digit of 31186?
1
What is the hundreds digit of 6128?
1
What is the units digit of 7034?
4
What is the units digit of 667?
7
What is the tens digit of 1733?
3
What is the tens digit of 60176?
7
What is the thousands digit of 4942?
4
What is the hundreds digit of 245?
2
What is the units digit of 408?
8
What is the units digit of 946?
6
What is the tens digit of 20219?
1
What is the thousands digit of 2855?
2
What is the units digit of 131628?
8
What is the units digit of 14224?
4
What is the hundreds digit of 478?
4
What is the hundreds digit of 888?
8
What is the tens digit of 801?
0
What is the hundreds digit of 9826?
8
What is the hundreds digit of 656?
6
What is the thousands digit of 33647?
3
What is the thousands digit of 4049?
4
What is the units digit of 15888?
8
What is the units digit of 167087?
7
What is the hundreds digit of 8520?
5
What is the tens digit of 39274?
7
What is the hundreds digit of 1896?
8
What is the units digit of 27?
7
What is the tens digit of 40550?
5
What is the tens digit of 9679?
7
What is the units digit of 1360?
0
What is the ten thousands digit of 88564?
8
What is the ten thousands digit of 87273?
8
What is the hundreds digit of 6970?
9
What is the tens digit of 49857?
5
What is the thousands digit of 1370?
1
What is the units digit of 504?
4
What is the tens digit of 9520?
2
What is the units digit of 57042?
2
What is the hundreds digit of 376?
3
What is the thousands digit of 5379?
5
What is the units digit of 15276?
6
What is the hundreds digit of 1059?
0
What is the hundreds digit of 5218?
2
What is the thousands digit of 7408?
7
What is the hundred thousands digit of 126752?
1
What is the tens digit of 26339?
3
What is the ten thousands digit of 190142?
9
What is the tens digit of 1386?
8
What is the ten thousands digit of 28634?
2
What is the thousands digit of 4328?
4
What is the tens digit of 127766?
6
What is the ten thousands digit of 68753?
6
What is the ten thousands digit of 43130?
4
What is the units digit of 15327?
7
What is the tens digit of 603?
0
What is the tens digit of 80607?
0
What is the thousands digit of 1210?
1
What is the hundreds digit of 13138?
1
What is the units digit of 170?
0
What is the thousands digit of 5188?
5
What is the hundreds digit of 2616?
6
What is the hundreds digit of 1085?
0
What is the units digit of 605?
5
What is the units digit of 1177?
7
What is the thousands digit of 9906?
9
What is the tens digit of 639?
3
What is the hundreds digit of 8893?
8
What is the hundreds digit of 732?
7
What is the units digit of 341?
1
What is the thousands digit of 7894?
7
What is the units digit of 11267?
7
What is the thousands digit of 41941?
1
What is the thousands digit of 31904?
1
What is the units digit of 928?
8
What is the units digit of 22118?
8
What is the thousands digit of 1226?
1
What is the hundreds digit of 334?
3
What is the tens digit of 972?
7
What is the tens digit of 430?
3
What is the tens digit of 32296?
9
What is the thousands digit of 21369?
1
What is the tens digit of 6386?
8
What is the hundreds digit of 4222?
2
What is the thousands digit of 1727?
1
What is the hundreds digit of 1600?
6
What is the hundreds digit of 1094?
0
What is the tens digit of 432?
3
What is the tens digit of 1303?
0
What is the hundreds digit of 1916?
9
What is the thousands digit of 26849?
6
What is the tens digit of 64177?
7
What is the tens digit of 4596?
9
What is the hundreds digit of 961?
9
What is the ten thousands digit of 53771?
5
W